g. What is the tens digit of m?
2
Let z(a) = 9*a**3 - 3*a. Let x be z(2). Suppose -3*r + k + 388 = x, -4*r = -5*k - 433. What is the tens digit of r?
0
Suppose 5*x + 18 = -m, 2*x - 18 = 4*x + 4*m. Let u(g) = -g**2 - 10*g - 1. Let w be u(x). Suppose 5 - w = -5*j. What is the units digit of j?
3
Let t(q) = 13*q - 10. Suppose -3*a + 7*a + y - 17 = 0, y + 4 = 3*a. Let d be 7 - (a + -2)*3. What is the units digit of t(d)?
2
Let k(a) be the first derivative of -a**3/3 + 6*a**2 - 2*a + 1. Let d be -15*(185/50 - 4)*2. What is the tens digit of k(d)?
2
What is the hundreds digit of 1972/4 - (0 - 1)?
4
Let z = -26 + 31. Suppose z*o + 426 = 4*v, -4*o + 7*o = 4*v - 422. What is the tens digit of v?
0
Let n(c) = 706*c**2 - 18*c + 17. What is the tens digit of n(1)?
0
Let k(c) = -c - 40. Let g be k(0). Let n be (32/g)/((-4)/50). Let f = 15 + n. What is the units digit of f?
5
Let x(r) = r**2 - 24*r + 2. Let a be x(24). Suppose 0 = -a*f + 3 + 17. What is the units digit of f?
0
Suppose -2*m - 5*i + 6 = 0, -i + 5*i = -2*m + 6. Suppose 0 = -m*h + 1005 - 318. What is the hundreds digit of h?
2
Let j be (-10 - -11)/(2/(-14)). Let d = j - -21. What is the units digit of 120/d + (-36)/63?
8
Suppose -2*i - 5*c = 11, -4*i + c = 6*c + 7. Suppose 4*d - d - 5*w - 92 = 0, d - i*w = 32. What is the tens digit of d?
2
Suppose 0 = 2*u - 5*j - 528, -2*u - 3*u + 2*j + 1341 = 0. What is the tens digit of u?
6
Suppose 0 = 2*o - 2*z - z + 16, 5*z - 16 = -2*o. Let n(g) = 1. Let d(l) = -12*l - 6. Let m(p) = d(p) + 6*n(p). What is the tens digit of m(o)?
2
Suppose 0 = -6*i + 424 - 118. What is the tens digit of (80/24)/(2/i)?
8
Let t be (1 + 22)/((-5)/(-10)). Suppose -x - x = -t. What is the units digit of x?
3
Let n(c) be the third derivative of 0*c + 1/20*c**5 + 0*c**3 + 2/5*c**6 - 1/12*c**4 + 0 + 6*c**2. What is the units digit of n(1)?
9
Let o(i) = i - 6. Let x be o(7). Let y be 0 - (0 - x) - 0. Suppose -3*h = k - 12, 3*h + 2*k + y = 10. What is the units digit of h?
5
Let i(j) = -j**3 + 9*j**2 + 8*j - 30. Let p be i(6). Suppose -r + p = -0*r. What is the units digit of r?
6
Let b = -2047 + 3779. What is the thousands digit of b?
1
Let c(g) = -g**3 - 10*g**2 - 10*g - 4. Let r be c(-9). Let o(d) = -3*d**2 + 23*d**2 - 3*d + 2 + r*d - 16*d**2. What is the units digit of o(-2)?
4
Suppose -14*b = -13*b - 1121. What is the tens digit of b?
2
Let m(s) = 2*s**3 - 3*s**2 - 7*s + 31. Suppose 5*k = 2*r + 8*k - 27, 2*k - 16 = -r. What is the hundreds digit of m(r)?
3
Let t = 44 - 28. Let h(u) = -7 - 7*u + t + u**2 - 2*u. What is the units digit of h(9)?
9
Suppose -3*n = -5*j + 2*j + 1044, -2*j = n - 696. What is the hundreds digit of j?
3
Suppose r = -4*v - 4*r - 86, -3*v - 67 = 5*r. Let o = -15 - v. Suppose -6 + 71 = o*c - d, -c + 20 = -4*d. What is the units digit of c?
6
Suppose -58*o + 60519 = -29613. What is the thousands digit of o?
1
Let i = 5885 - 3401. What is the hundreds digit of i?
4
Suppose 3*b = p + 553, 3*b + p + 187 = 4*b. Let z = b + 79. What is the hundreds digit of z?
2
Suppose 51923 - 16184 = 19*q. What is the units digit of q?
1
Suppose 4*c = 21 + 11. Suppose -c*j = -112 - 952. What is the hundreds digit of j?
1
Let f = -2 - -4. Let n(g) = 5*g + 5. Let b(u) = -3*u - 2. Let s(h) = f*n(h) + 5*b(h). What is the units digit of s(-1)?
5
Let q be -1*(-6 + 3) + -3. Suppose -m + 12 + 25 = q. What is the units digit of m?
7
Let o be 4/22 + (-15216)/(-44) + 1. Suppose 0 = 3*p + 5*j - 302, 0 = -3*p - 3*j + 7*j + o. What is the tens digit of p?
0
Let j(s) = s + 2*s + 1 - 5. Let f be j(3). Suppose 9*h - 40 = f*h. What is the units digit of h?
0
Suppose -12 = -3*i - 0. What is the tens digit of ((-3)/((-12)/(-82)))/(i/(-24))?
2
Let c(l) be the second derivative of -l**5/20 + 2*l**4/3 - l**3/3 + 5*l**2 - 4*l. Let m be c(8). Let d = m + 22. What is the tens digit of d?
1
Let k be 2 - -1 - (-3 + 4). Suppose -k*v = v. Suppose -d = -2*q + 7, -3*d - d + 5*q - 13 = v. What is the units digit of d?
3
Let w = 6 + -5. What is the units digit of (-172)/(w - 3) + -2?
4
Let z(t) be the first derivative of t**5/120 + 17*t**4/8 + 2*t**3/3 - 11. Let j(h) be the third derivative of z(h). What is the tens digit of j(0)?
5
Let b = 97 + -31. Suppose -4*n - z = 4*z - 157, -2*z - 112 = -3*n. Suppose b = 4*w - n. What is the units digit of w?
6
Suppose -2 = 5*k - 4*g + g, -14 = -3*k - 2*g. Let i(a) = 5*a + 2*a + a**k - a - 2. What is the units digit of i(-8)?
4
Suppose -17 = 2*o - 1. Suppose -3*b - 12 = -3*i, 4*i - b - 21 - 10 = 0. Let s = i + o. What is the units digit of s?
1
Let f(x) = 4*x**2 - 3*x. Let k be f(2). Suppose -k = -2*v - h, 4*v + 4*h + h - 20 = 0. Let m = 5 + v. What is the units digit of m?
0
Let h(m) = 37*m**2 - 4*m + 5. Let w(u) = -37*u**2 + 4*u - 4. Let s(a) = -5*h(a) - 6*w(a). What is the tens digit of s(2)?
3
Let f = 736 + -205. What is the hundreds digit of f?
5
Suppose 145 = j + 5*s, -2*s - 391 = -3*j - 6*s. What is the tens digit of j?
2
Suppose -2*y + 2728 = 2*n, -13*n + 15*n = 5*y - 6799. What is the tens digit of y?
6
Let r = -1679 + 2363. What is the hundreds digit of r?
6
Let j(h) = h**3 - 9*h**2 + 8*h + 5. Suppose 12 = 3*c - 12. What is the units digit of j(c)?
5
Let d(n) be the second derivative of -5*n**3 - n - 6*n + 6*n**3 + n**3. What is the tens digit of d(1)?
1
Let z(p) = 21*p + 91. Let d be z(0). Let g(u) = -46*u**3 + 2*u**2 - 2*u + 1. Let t be g(1). Let q = d + t. What is the units digit of q?
6
What is the hundreds digit of 1*862*(0 + 2)*1?
7
Let d be (0*(3 + -8 - -4))/1. Suppose -2*u = -2*j + 368, 2*u + 2*u + 4 = d. What is the hundreds digit of j?
1
Suppose -14*s = 3065 - 16701. What is the hundreds digit of s?
9
Let u(w) = -6*w - 9. Let g(v) = 1. Let b(l) = 4*g(l) + u(l). Let z be b(-3). Suppose 4*h - 3*y - y = 172, -h - 5*y = -z. What is the units digit of h?
8
Let p(n) = -2*n + 16. Let g be p(7). Suppose 2*o + 20 = 5*b, g = -2*b - b + 4*o. What is the units digit of b?
6
Let d(m) = 2*m + 63. Let b(w) = w + 31. Let r(p) = 7*b(p) - 3*d(p). What is the tens digit of r(-15)?
1
Let j(k) = -k**3 + 16*k**2 + 12*k - 24. Let l be j(10). Suppose q + 5*q - l = 0. What is the units digit of q?
6
Let b(r) = r**2 - 2*r - 7. Let y be b(3). Let p(i) = -3*i**3 - 2*i**2 + 5*i + 3. What is the hundreds digit of p(y)?
1
Let k = -2554 - 1270. Let x be k/120 + (-4)/30. Let g = -23 - x. What is the units digit of g?
9
Let b be 179700/84 - (-2)/(-7). Let u be (-1)/(-7) + b/21. Suppose 0*w - 2*w - 4*k + 42 = 0, u = 4*w + 2*k. What is the tens digit of w?
2
Let d = 39 - 57. Let j = d - -107. What is the units digit of j?
9
Let j(a) be the second derivative of -a**3/6 + 28*a**2 + 4*a. Let l be j(0). Let v = l + -29. What is the units digit of v?
7
Suppose -5*o = 15, 4*y - 13 = 3*o + 12. Suppose 4*x - 27 = -j - 4*j, x = 2*j + 10. Suppose -3*s - y*b + 20 = -6, -3*s + x = -5*b. What is the units digit of s?
6
Let u(r) = 4*r**2 + 11*r + 31. Let w(k) = 2*k**2 + 6*k + 16. Let f(g) = -2*u(g) + 5*w(g). Let h = -1 - 5. What is the tens digit of f(h)?
4
Suppose 3 = 3*a - 6*a. Suppose -u = -22 - 47. What is the units digit of ((-8)/12 - a)*u?
3
Let h = 468 + -788. Let f be 3/((-12)/h)*1. Suppose 0*w - w = -4*m - 33, -2*w = -m - f. What is the units digit of w?
1
Let q(s) = s - 12*s**2 - 12*s**2 + 23*s**2 - 1. Let y(v) = 3*v - 3. Let a(j) = -q(j) + y(j). What is the units digit of a(2)?
6
Let s(n) be the first derivative of 4*n**2 + 7*n + 2*n**3 - 1 - 1/4*n**4. What is the tens digit of s(7)?
1
Let t(s) = s**3 - 10*s**2 + 15*s + 13. Let b be t(8). Suppose -f - 2*f - 51 = 0. Let z = b - f. What is the units digit of z?
2
Let r be 4 - 2 - (-27)/3. Let x = r + -19. Let v = x + 10. What is the units digit of v?
2
Suppose -1 = -4*s + 23. Suppose 3*i = y + 68, s + 6 = 3*y. What is the units digit of i?
4
Suppose 1246 = 13*r - 68369. What is the hundreds digit of r?
3
Let d(l) = 39*l**2 - 4*l. Let o be d(-2). Suppose 3*c - c = o. What is the tens digit of c?
8
Suppose 5*l = 5*s - 355, s = 3*l + 50 + 25. Suppose d = 0, 0*w - 3*w - 3*d = -s. What is the tens digit of w?
2
Let l(u) = 2*u**2 - 99*u - 286. What is the tens digit of l(76)?
4
Let f(m) = m**3 - 19*m**2 - 53*m + 67. What is the units digit of f(23)?
4
Suppose l = 5*t - 0*l - 90, 0 = -4*l. Suppose -34 = -3*r + 5*w + 6, t = 2*r + w. Let n = -5 